{"id":3749,"date":"2026-08-28T14:01:28","date_gmt":"2026-08-28T12:01:28","guid":{"rendered":"https:\/\/markiewka.jahoster.pl\/?post_type=product&#038;p=3749"},"modified":"2026-08-31T14:20:07","modified_gmt":"2026-08-31T12:20:07","slug":"kanapka-z-serem-i-szynka-na-bulce-pszennej","status":"publish","type":"product","link":"https:\/\/markiewka.jahoster.pl\/index.php\/product\/kanapka-z-serem-i-szynka-na-bulce-pszennej\/","title":{"rendered":"Kanapka z serem i szynk\u0105 na bu\u0142ce pszennej"},"content":{"rendered":"<p>Klasyczna kanapka z serem i delikatn\u0105 szynk\u0105 na \u015bwie\u017cej, puszystej bu\u0142ce pszennej. Po\u0142\u0105czenie \u0142agodnego sera, aromatycznej szynki i mi\u0119kkiego pieczywa tworzy prost\u0105, ale wyj\u0105tkowo smaczn\u0105 kompozycj\u0119. Syc\u0105ca i pe\u0142na smaku, \u015bwietnie sprawdzi si\u0119 na \u015bniadanie, lunch lub jako szybka przek\u0105ska w ci\u0105gu dnia.<\/p>\n","protected":false},"excerpt":{"rendered":"<p>sk\u0142adniki:<\/p>\n","protected":false},"featured_media":0,"comment_status":"open","ping_status":"closed","template":"","meta":{"_monsterinsights_skip_tracking":false},"product_brand":[],"product_cat":[69],"product_tag":[],"class_list":["post-3749","product","type-product","status-publish","product_cat-kanapki","first","instock","shipping-taxable","purchasable","product-type-simple"],"yoast_head":"<!-- This site is optimized with the Yoast SEO plugin v28.3 - https:\/\/yoast.com\/product\/yoast-seo-wordpress\/ -->\n<title>Kanapka z serem i szynk\u0105 na bu\u0142ce pszennej - Markiewka Cukiernia &amp; Piekarnia<\/title>\n<meta name=\"robots\" content=\"index, follow, max-snippet:-1, max-image-preview:large, max-video-preview:-1\" \/>\n<link rel=\"canonical\" href=\"https:\/\/markiewka.jahoster.pl\/index.php\/product\/kanapka-z-serem-i-szynka-na-bulce-pszennej\/\" \/>\n<meta property=\"og:locale\" content=\"pl_PL\" \/>\n<meta property=\"og:type\" content=\"article\" \/>\n<meta property=\"og:title\" content=\"Kanapka z serem i szynk\u0105 na bu\u0142ce pszennej - Markiewka Cukiernia &amp; Piekarnia\" \/>\n<meta property=\"og:description\" content=\"sk\u0142adniki:\" \/>\n<meta property=\"og:url\" content=\"https:\/\/markiewka.jahoster.pl\/index.php\/product\/kanapka-z-serem-i-szynka-na-bulce-pszennej\/\" \/>\n<meta property=\"og:site_name\" content=\"Markiewka Cukiernia &amp; Piekarnia\" \/>\n<meta property=\"article:modified_time\" content=\"2026-08-31T12:20:07+00:00\" \/>\n<meta name=\"twitter:card\" content=\"summary_large_image\" \/>\n<meta name=\"twitter:label1\" content=\"Szacowany czas czytania\" \/>\n\t<meta name=\"twitter:data1\" content=\"1 minuta\" \/>\n<script type=\"application\/ld+json\" class=\"yoast-schema-graph\">{\"@context\":\"https:\\\/\\\/schema.org\",\"@graph\":[{\"@type\":\"WebPage\",\"@id\":\"https:\\\/\\\/markiewka.jahoster.pl\\\/index.php\\\/product\\\/kanapka-z-serem-i-szynka-na-bulce-pszennej\\\/\",\"url\":\"https:\\\/\\\/markiewka.jahoster.pl\\\/index.php\\\/product\\\/kanapka-z-serem-i-szynka-na-bulce-pszennej\\\/\",\"name\":\"Kanapka z serem i szynk\u0105 na bu\u0142ce pszennej - Markiewka Cukiernia &amp; Piekarnia\",\"isPartOf\":{\"@id\":\"https:\\\/\\\/markiewka.jahoster.pl\\\/#website\"},\"datePublished\":\"2026-08-28T12:01:28+00:00\",\"dateModified\":\"2026-08-31T12:20:07+00:00\",\"breadcrumb\":{\"@id\":\"https:\\\/\\\/markiewka.jahoster.pl\\\/index.php\\\/product\\\/kanapka-z-serem-i-szynka-na-bulce-pszennej\\\/#breadcrumb\"},\"inLanguage\":\"pl-PL\",\"potentialAction\":[{\"@type\":\"ReadAction\",\"target\":[\"https:\\\/\\\/markiewka.jahoster.pl\\\/index.php\\\/product\\\/kanapka-z-serem-i-szynka-na-bulce-pszennej\\\/\"]}]},{\"@type\":\"BreadcrumbList\",\"@id\":\"https:\\\/\\\/markiewka.jahoster.pl\\\/index.php\\\/product\\\/kanapka-z-serem-i-szynka-na-bulce-pszennej\\\/#breadcrumb\",\"itemListElement\":[{\"@type\":\"ListItem\",\"position\":1,\"name\":\"Home\",\"item\":\"https:\\\/\\\/markiewka.jahoster.pl\\\/\"},{\"@type\":\"ListItem\",\"position\":2,\"name\":\"sklep\",\"item\":\"https:\\\/\\\/markiewka.jahoster.pl\\\/index.php\\\/sklep\\\/\"},{\"@type\":\"ListItem\",\"position\":3,\"name\":\"Kanapka z serem i szynk\u0105 na bu\u0142ce pszennej\"}]},{\"@type\":\"WebSite\",\"@id\":\"https:\\\/\\\/markiewka.jahoster.pl\\\/#website\",\"url\":\"https:\\\/\\\/markiewka.jahoster.pl\\\/\",\"name\":\"Markiewka Cukiernia &amp; Piekarnia\",\"description\":\"Cukiernia &amp; Piekarnia\",\"publisher\":{\"@id\":\"https:\\\/\\\/markiewka.jahoster.pl\\\/#organization\"},\"potentialAction\":[{\"@type\":\"SearchAction\",\"target\":{\"@type\":\"EntryPoint\",\"urlTemplate\":\"https:\\\/\\\/markiewka.jahoster.pl\\\/?s={search_term_string}\"},\"query-input\":{\"@type\":\"PropertyValueSpecification\",\"valueRequired\":true,\"valueName\":\"search_term_string\"}}],\"inLanguage\":\"pl-PL\"},{\"@type\":\"Organization\",\"@id\":\"https:\\\/\\\/markiewka.jahoster.pl\\\/#organization\",\"name\":\"Markiewka Cukiernia &amp; Piekarnia\",\"url\":\"https:\\\/\\\/markiewka.jahoster.pl\\\/\",\"logo\":{\"@type\":\"ImageObject\",\"inLanguage\":\"pl-PL\",\"@id\":\"https:\\\/\\\/markiewka.jahoster.pl\\\/#\\\/schema\\\/logo\\\/image\\\/\",\"url\":\"https:\\\/\\\/markiewka.jahoster.pl\\\/wp-content\\\/uploads\\\/2026\\\/08\\\/logo_white.png\",\"contentUrl\":\"https:\\\/\\\/markiewka.jahoster.pl\\\/wp-content\\\/uploads\\\/2026\\\/08\\\/logo_white.png\",\"width\":1099,\"height\":298,\"caption\":\"Markiewka Cukiernia &amp; Piekarnia\"},\"image\":{\"@id\":\"https:\\\/\\\/markiewka.jahoster.pl\\\/#\\\/schema\\\/logo\\\/image\\\/\"}}]}<\/script>\n<!-- \/ Yoast SEO plugin. -->","yoast_head_json":{"title":"Kanapka z serem i szynk\u0105 na bu\u0142ce pszennej - Markiewka Cukiernia &amp; Piekarnia","robots":{"index":"index","follow":"follow","max-snippet":"max-snippet:-1","max-image-preview":"max-image-preview:large","max-video-preview":"max-video-preview:-1"},"canonical":"https:\/\/markiewka.jahoster.pl\/index.php\/product\/kanapka-z-serem-i-szynka-na-bulce-pszennej\/","og_locale":"pl_PL","og_type":"article","og_title":"Kanapka z serem i szynk\u0105 na bu\u0142ce pszennej - Markiewka Cukiernia &amp; Piekarnia","og_description":"sk\u0142adniki:","og_url":"https:\/\/markiewka.jahoster.pl\/index.php\/product\/kanapka-z-serem-i-szynka-na-bulce-pszennej\/","og_site_name":"Markiewka Cukiernia &amp; Piekarnia","article_modified_time":"2026-08-31T12:20:07+00:00","twitter_card":"summary_large_image","twitter_misc":{"Szacowany czas czytania":"1 minuta"},"schema":{"@context":"https:\/\/schema.org","@graph":[{"@type":"WebPage","@id":"https:\/\/markiewka.jahoster.pl\/index.php\/product\/kanapka-z-serem-i-szynka-na-bulce-pszennej\/","url":"https:\/\/markiewka.jahoster.pl\/index.php\/product\/kanapka-z-serem-i-szynka-na-bulce-pszennej\/","name":"Kanapka z serem i szynk\u0105 na bu\u0142ce pszennej - Markiewka Cukiernia &amp; Piekarnia","isPartOf":{"@id":"https:\/\/markiewka.jahoster.pl\/#website"},"datePublished":"2026-08-28T12:01:28+00:00","dateModified":"2026-08-31T12:20:07+00:00","breadcrumb":{"@id":"https:\/\/markiewka.jahoster.pl\/index.php\/product\/kanapka-z-serem-i-szynka-na-bulce-pszennej\/#breadcrumb"},"inLanguage":"pl-PL","potentialAction":[{"@type":"ReadAction","target":["https:\/\/markiewka.jahoster.pl\/index.php\/product\/kanapka-z-serem-i-szynka-na-bulce-pszennej\/"]}]},{"@type":"BreadcrumbList","@id":"https:\/\/markiewka.jahoster.pl\/index.php\/product\/kanapka-z-serem-i-szynka-na-bulce-pszennej\/#breadcrumb","itemListElement":[{"@type":"ListItem","position":1,"name":"Home","item":"https:\/\/markiewka.jahoster.pl\/"},{"@type":"ListItem","position":2,"name":"sklep","item":"https:\/\/markiewka.jahoster.pl\/index.php\/sklep\/"},{"@type":"ListItem","position":3,"name":"Kanapka z serem i szynk\u0105 na bu\u0142ce pszennej"}]},{"@type":"WebSite","@id":"https:\/\/markiewka.jahoster.pl\/#website","url":"https:\/\/markiewka.jahoster.pl\/","name":"Markiewka Cukiernia &amp; Piekarnia","description":"Cukiernia &amp; Piekarnia","publisher":{"@id":"https:\/\/markiewka.jahoster.pl\/#organization"},"potentialAction":[{"@type":"SearchAction","target":{"@type":"EntryPoint","urlTemplate":"https:\/\/markiewka.jahoster.pl\/?s={search_term_string}"},"query-input":{"@type":"PropertyValueSpecification","valueRequired":true,"valueName":"search_term_string"}}],"inLanguage":"pl-PL"},{"@type":"Organization","@id":"https:\/\/markiewka.jahoster.pl\/#organization","name":"Markiewka Cukiernia &amp; Piekarnia","url":"https:\/\/markiewka.jahoster.pl\/","logo":{"@type":"ImageObject","inLanguage":"pl-PL","@id":"https:\/\/markiewka.jahoster.pl\/#\/schema\/logo\/image\/","url":"https:\/\/markiewka.jahoster.pl\/wp-content\/uploads\/2026\/08\/logo_white.png","contentUrl":"https:\/\/markiewka.jahoster.pl\/wp-content\/uploads\/2026\/08\/logo_white.png","width":1099,"height":298,"caption":"Markiewka Cukiernia &amp; Piekarnia"},"image":{"@id":"https:\/\/markiewka.jahoster.pl\/#\/schema\/logo\/image\/"}}]}},"_links":{"self":[{"href":"https:\/\/markiewka.jahoster.pl\/index.php\/wp-json\/wp\/v2\/product\/3749","targetHints":{"allow":["GET"]}}],"collection":[{"href":"https:\/\/markiewka.jahoster.pl\/index.php\/wp-json\/wp\/v2\/product"}],"about":[{"href":"https:\/\/markiewka.jahoster.pl\/index.php\/wp-json\/wp\/v2\/types\/product"}],"replies":[{"embeddable":true,"href":"https:\/\/markiewka.jahoster.pl\/index.php\/wp-json\/wp\/v2\/comments?post=3749"}],"wp:attachment":[{"href":"https:\/\/markiewka.jahoster.pl\/index.php\/wp-json\/wp\/v2\/media?parent=3749"}],"wp:term":[{"taxonomy":"product_brand","embeddable":true,"href":"https:\/\/markiewka.jahoster.pl\/index.php\/wp-json\/wp\/v2\/product_brand?post=3749"},{"taxonomy":"product_cat","embeddable":true,"href":"https:\/\/markiewka.jahoster.pl\/index.php\/wp-json\/wp\/v2\/product_cat?post=3749"},{"taxonomy":"product_tag","embeddable":true,"href":"https:\/\/markiewka.jahoster.pl\/index.php\/wp-json\/wp\/v2\/product_tag?post=3749"}],"curies":[{"name":"wp","href":"https:\/\/api.w.org\/{rel}","templated":true}]}}

Kanapka z serem i szynką na bułce pszennej

<p>Klasyczna kanapka z serem i delikatną szynką na świeżej, puszystej bułce pszennej. Połączenie łagodnego sera, aromatycznej szynki i miękkiego pieczywa tworzy prostą, ale wyjątkowo smaczną kompozycję. Sycąca i pełna smaku, świetnie sprawdzi się na śniadanie, lunch lub jako szybka przekąska w ciągu dnia.</p>

<p>składniki:</p>

<!-- This site is optimized with the Yoast SEO plugin v28.3 - https://yoast.com/product/yoast-seo-wordpress/ -->
<title>Kanapka z serem i szynką na bułce pszennej - Markiewka Cukiernia &amp; Piekarnia</title>
<meta name="robots" content="index, follow, max-snippet:-1, max-image-preview:large, max-video-preview:-1" />
<link rel="canonical" href="https://markiewka.jahoster.pl/index.php/product/kanapka-z-serem-i-szynka-na-bulce-pszennej/" />
<meta property="og:locale" content="pl_PL" />
<meta property="og:type" content="article" />
<meta property="og:title" content="Kanapka z serem i szynką na bułce pszennej - Markiewka Cukiernia &amp; Piekarnia" />
<meta property="og:description" content="składniki:" />
<meta property="og:url" content="https://markiewka.jahoster.pl/index.php/product/kanapka-z-serem-i-szynka-na-bulce-pszennej/" />
<meta property="og:site_name" content="Markiewka Cukiernia &amp; Piekarnia" />
<meta property="article:modified_time" content="2026-08-31T12:20:07+00:00" />
<meta name="twitter:card" content="summary_large_image" />
<meta name="twitter:label1" content="Szacowany czas czytania" />
	<meta name="twitter:data1" content="1 minuta" />
<script type="application/ld+json" class="yoast-schema-graph">{"@context":"https:\/\/schema.org","@graph":[{"@type":"WebPage","@id":"https:\/\/markiewka.jahoster.pl\/index.php\/product\/kanapka-z-serem-i-szynka-na-bulce-pszennej\/","url":"https:\/\/markiewka.jahoster.pl\/index.php\/product\/kanapka-z-serem-i-szynka-na-bulce-pszennej\/","name":"Kanapka z serem i szynką na bułce pszennej - Markiewka Cukiernia &amp; Piekarnia","isPartOf":{"@id":"https:\/\/markiewka.jahoster.pl\/#website"},"datePublished":"2026-08-28T12:01:28+00:00","dateModified":"2026-08-31T12:20:07+00:00","breadcrumb":{"@id":"https:\/\/markiewka.jahoster.pl\/index.php\/product\/kanapka-z-serem-i-szynka-na-bulce-pszennej\/#breadcrumb"},"inLanguage":"pl-PL","potentialAction":[{"@type":"ReadAction","target":["https:\/\/markiewka.jahoster.pl\/index.php\/product\/kanapka-z-serem-i-szynka-na-bulce-pszennej\/"]}]},{"@type":"BreadcrumbList","@id":"https:\/\/markiewka.jahoster.pl\/index.php\/product\/kanapka-z-serem-i-szynka-na-bulce-pszennej\/#breadcrumb","itemListElement":[{"@type":"ListItem","position":1,"name":"Home","item":"https:\/\/markiewka.jahoster.pl\/"},{"@type":"ListItem","position":2,"name":"sklep","item":"https:\/\/markiewka.jahoster.pl\/index.php\/sklep\/"},{"@type":"ListItem","position":3,"name":"Kanapka z serem i szynką na bułce pszennej"}]},{"@type":"WebSite","@id":"https:\/\/markiewka.jahoster.pl\/#website","url":"https:\/\/markiewka.jahoster.pl\/","name":"Markiewka Cukiernia &amp; Piekarnia","description":"Cukiernia &amp; Piekarnia","publisher":{"@id":"https:\/\/markiewka.jahoster.pl\/#organization"},"potentialAction":[{"@type":"SearchAction","target":{"@type":"EntryPoint","urlTemplate":"https:\/\/markiewka.jahoster.pl\/?s={search_term_string}"},"query-input":{"@type":"PropertyValueSpecification","valueRequired":true,"valueName":"search_term_string"}}],"inLanguage":"pl-PL"},{"@type":"Organization","@id":"https:\/\/markiewka.jahoster.pl\/#organization","name":"Markiewka Cukiernia &amp; Piekarnia","url":"https:\/\/markiewka.jahoster.pl\/","logo":{"@type":"ImageObject","inLanguage":"pl-PL","@id":"https:\/\/markiewka.jahoster.pl\/#\/schema\/logo\/image\/","url":"https:\/\/markiewka.jahoster.pl\/wp-content\/uploads\/2026\/08\/logo_white.png","contentUrl":"https:\/\/markiewka.jahoster.pl\/wp-content\/uploads\/2026\/08\/logo_white.png","width":1099,"height":298,"caption":"Markiewka Cukiernia &amp; Piekarnia"},"image":{"@id":"https:\/\/markiewka.jahoster.pl\/#\/schema\/logo\/image\/"}}]}</script>
<!-- / Yoast SEO plugin. -->

Kanapka z serem i szynką na bułce pszennej - Markiewka Cukiernia &amp; Piekarnia

składniki:
